{"id":21,"date":"2025-04-08T18:24:38","date_gmt":"2025-04-08T18:24:38","guid":{"rendered":"http:\/\/test.gedysound.cz\/?page_id=21"},"modified":"2025-05-15T20:29:21","modified_gmt":"2025-05-15T20:29:21","slug":"ozvuceni","status":"publish","type":"page","link":"https:\/\/www.gedysound.cz\/?page_id=21","title":{"rendered":"Ozvu\u010den\u00ed"},"content":{"rendered":"\n<p><strong>Nab\u00edz\u00edme<\/strong>&nbsp;kompletn\u00ed&nbsp;slu\u017eby v ozvu\u010den\u00ed Va\u0161ich prostor\u016f. M\u016f\u017eeme nab\u00eddnout techniku od mal\u00fdch syst\u00e9m\u016f pro mluven\u00e1&nbsp;slova&nbsp;Va\u0161ich konferenc\u00ed, a\u017e po vysoce v\u00fdkonn\u00e9 festivalov\u00e9 PA syst\u00e9my.<\/p>\n\n\n\n<p>&nbsp;Firma&nbsp;<em>Nexo<\/em>&nbsp;pat\u0159\u00ed mezi t\u0159i nejv\u011bt\u0161\u00ed evropsk\u00e9 v\u00fdrobce ozvu\u010dovac\u00edch reprosyst\u00e9m\u016f. Firma byla zalo\u017eena v Pa\u0159\u00ed\u017ei v roce 1979. Syst\u00e9m firmy&nbsp;<em>Nexo<\/em>&nbsp;pou\u017e\u00edv\u00e1 \u0159ada renomovan\u00fdch ozvu\u010dovac\u00edch spole\u010dnost\u00ed, nam\u00e1tkou SSE Hire of Birmigham. Je pou\u017e\u00edv\u00e1n p\u0159i mnoha velk\u00fdch instalac\u00edch, pou\u017e\u00edvaj\u00ed ho&nbsp; nejlep\u0161\u00ed sv\u011btov\u00e9 kapely, nap\u0159\u00edklad Metalica, UB 40<\/p>\n\n\n\n<p>Disponujeme&nbsp;&nbsp;ozvu\u010dovac\u00edm&nbsp;syst\u00e9m od&nbsp;firmy Nexo&nbsp; \u0159ady&nbsp;PS15, Geo&nbsp;S12, Alpha&nbsp;s p\u0159\u00edslu\u0161n\u00fdmi subwofery dle pot\u0159eby.<\/p>\n\n\n\n<p>N\u00e1\u0161e Novinka&nbsp;Ultimatn\u00ed a Velice vyhled\u00e1van\u00fd Syst\u00e9m&nbsp;z \u0159ady Nexo,je velice variabiln\u00ed z\u00e1v\u011bsn\u00fd Line&nbsp;array&nbsp;&nbsp;<strong>Geo&nbsp;S12<\/strong><\/p>\n\n\n\n<figure class=\"wp-block-image\"><img decoding=\"async\" src=\"https:\/\/web.archive.org\/web\/20230325052051im_\/http:\/\/www.gedysound.cz\/files\/menhir\/uploads\/files\/images\/ps-series.jpg\" alt=\"\"\/><\/figure>\n\n\n\n<p><em>Kompaktn\u00ed&nbsp;boxy<\/em>&nbsp;<strong>Nexo PS15&nbsp;vhodn\u00e9 pro&nbsp;mal\u00e9 prostory a u\u017eit\u00ed&nbsp;v monitorov\u00fdch&nbsp; syst\u00e9mech.&nbsp;<\/strong><\/p>\n\n\n\n<p>Monitorovac\u00ed syst\u00e9m vyu\u017e\u00edvan\u00fd na\u0161\u00ed spole\u010dnost\u00ed je op\u011bt z \u0159ady syst\u00e9m\u016f od firmy&nbsp;<\/p>\n\n\n\n<p><a href=\"https:\/\/web.archive.org\/web\/20230325052051\/http:\/\/www.nexo-sa.com\/\" target=\"_blank\" rel=\"noreferrer noopener\">Nexo<\/a>&nbsp;a to konkr\u00e9tn\u011b PS15 LOUDSPEAKER, jeho\u017e maxim\u00e1ln\u00ed akustick\u00fd tlak je&nbsp;<\/p>\n\n\n\n<p>127dB a je \u0159\u00edzen analogov\u00fdm kontrolerem PS15 TD MkII.<\/p>\n\n\n\n<figure class=\"wp-block-image\"><img decoding=\"async\" src=\"https:\/\/web.archive.org\/web\/20230325052051im_\/http:\/\/www.gedysound.cz\/files\/menhir\/uploads\/files\/images\/jas10lr.jpg\" alt=\"\"\/><\/figure>\n\n\n\n<p>Nas\u011b Nab\u00eddkaje velice variabiln\u00ed syt\u00e9m Alpha je jeden z dal\u0161\u00edch syst\u00e9m\u016f kter\u00e9 m\u016f\u017eeme poskytnout.<\/p>\n\n\n\n<p>Mezi p\u0159ednosti tohoto flexibiln\u00edho ozvu\u010dovac\u00edho syst\u00e9mu pat\u0159\u00ed:<\/p>\n\n\n\n<ul class=\"wp-block-list\">\n<li>vysok\u00e1 \u00fa\u010dinnost<\/li>\n\n\n\n<li>precizn\u00ed p\u0159ednes<\/li>\n\n\n\n<li>v\u00fdborn\u00fd pom\u011br v\u00fdkonu a velikosti<\/li>\n\n\n\n<li>vhodn\u00fd k ozvu\u010den\u00ed mluven\u00e9ho slova<\/li>\n\n\n\n<li>vysoce propracovan\u00fd syst\u00e9m zav\u011b\u0161ov\u00e1n\u00ed<\/li>\n<\/ul>\n\n\n\n<p>Ve\u0161ker\u00e9 tyto syst\u00e9my jsou nap\u00e1jeny profesion\u00e1ln\u00edmi zesilova\u010di&nbsp;<strong>CAMCO Vortex<\/strong>&nbsp;a&nbsp;<strong>Crest Audio 9200 Pro<\/strong>a \u0159\u00edzeny digit\u00e1ln\u00edm&nbsp;&nbsp;\u010dty\u0159p\u00e1smov\u00fdm kontrolerem&nbsp;<strong>NEXO<\/strong>&nbsp;<strong>NX242&nbsp;,&nbsp;<\/strong>roz\u0161\u00ed\u0159en\u00e9 o karty&nbsp;Ethersound,&nbsp;jen\u017e umo\u017e\u0148uj\u00ed dod\u00e1vku sign\u00e1li a monitoring prost\u0159ednictv\u00edm po\u010d\u00edta\u010de&nbsp;z jak\u00e9hokoliv m\u00edsta ozvu\u010dovan\u00e9ho prostoru.<\/p>\n\n\n\n<figure class=\"wp-block-image\"><img decoding=\"async\" src=\"https:\/\/web.archive.org\/web\/20230325052051im_\/http:\/\/www.gedysound.cz\/files\/menhir\/uploads\/files\/images\/odkaz-zesilovace.1.jpg\" alt=\"\"\/><\/figure>\n\n\n\n<p>K zaji\u0161t\u011bn\u00ed kvalitn\u00edho zvuku v\u0161ak nesta\u010d\u00ed pouze profesion\u00e1ln\u00ed ozvu\u010dovac\u00ed a monitorovac\u00ed syst\u00e9m, ale tak\u00e9 kvalitn\u00ed mix\u00e1\u017en\u00ed pulty&nbsp;a mikrof\u00f3ny.<\/p>\n\n\n\n<figure class=\"wp-block-image\"><img decoding=\"async\" src=\"https:\/\/web.archive.org\/web\/20230325052051im_\/http:\/\/www.gedysound.cz\/files\/menhir\/uploads\/files\/images\/img-6512.jpg\" alt=\"\"\/><\/figure>\n\n\n\n<p><strong>Mix\u00e1\u017en\u00ed pulty<\/strong>&nbsp;vyu\u017e\u00edv\u00e1 na\u0161e spole\u010dnost z \u0159ady&nbsp;<em>HP-Eight&nbsp;<\/em>mix\u00e1\u017en\u00edch pult\u016f&nbsp;&nbsp;&nbsp;&nbsp;&nbsp;&nbsp;<\/p>\n\n\n\n<p>od firmy&nbsp;<em><strong>Crest Audio<\/strong>, kter\u00e9 d\u00edky nov\u00fdm technologi\u00edm poskytuj\u00ed vysokou<\/em><\/p>\n\n\n\n<p>audio kvalitou, spolehlivost\u00ed a disponuj\u00ed a\u017e 56 vstupn\u00edmi kan\u00e1ly.<\/p>\n\n\n\n<p><strong>Top prvkem<\/strong>&nbsp;v na\u0161\u00ed nab\u00eddce&nbsp;je digit\u00e1ln\u00ed pult francouzk\u00e9 firmy&nbsp;<\/p>\n\n\n\n<p><a href=\"https:\/\/web.archive.org\/web\/20230325052051\/http:\/\/www.innovason.com\/\" target=\"_blank\" rel=\"noreferrer noopener\">InnovaSon<\/a><strong>&nbsp;&nbsp;SY48<\/strong>&nbsp;<img decoding=\"async\" alt=\"\" src=\"https:\/\/web.archive.org\/web\/20230325052051im_\/http:\/\/www.gedysound.cz\/files\/menhir\/uploads\/files\/images\/innovason-sy48-466881.1.jpg\"><\/p>\n\n\n\n<p>&nbsp;Tyto pulty umo\u017e\u0148uj\u00ed ve\u0161ker\u00fd komfort p\u0159i pr\u00e1ci zvuka\u0159e a vysokou variabilitu konfigurac\u00ed, kter\u00e9 umo\u017e\u0148uj\u00ed&nbsp;p\u0159izp\u016fsobit syst\u00e9m&nbsp;jak\u00fdmkoliv po\u017eadavk\u016fm.&nbsp;P\u0159ednost\u00ed t\u011bchto pult\u016f p\u0159ed analogov\u00fdmi je ta, \u017ee ve\u0161ker\u00e9 parametry se daj\u00ed ulo\u017eit a pot\u00e9&nbsp;op\u011btovn\u011b vyvolat. M\u016f\u017eeme tedy na akci absolvovat n\u011bkolik zvukov\u00fdch zkou\u0161ek a tyto op\u011bt kdykoliv vyvolat b\u011bhem show.&nbsp;<\/p>\n\n\n\n<p>Z cel\u00e9 \u0161k\u00e1ly v\u00fdrobc\u016f&nbsp;mikrofon\u016f, kter\u00e9&nbsp;se vyskytuj\u00ed&nbsp;na trhu, si na\u0161e spole\u010dnost vybrala americkou firmu<em>&nbsp;<strong>Audix.&nbsp;<\/strong>Tato firma pat\u0159\u00ed mezi p\u0159edn\u00ed v\u00fdrobce mikrofon\u016f a neboj\u00ed se zav\u00e1d\u011bt nov\u00e9&nbsp;&nbsp;&nbsp;&nbsp;&nbsp;&nbsp;&nbsp;&nbsp;&nbsp;&nbsp;&nbsp;&nbsp;<\/em><\/p>\n\n\n\n<p>pokrokov\u00e9&nbsp;technologie.&nbsp;Mikrofony&nbsp;<em>Audix&nbsp;<\/em>jsou z\u00e1rukou kvality,<\/p>\n\n\n\n<p>v\u017edy\u0165 je pou\u017e\u00edvaj\u00ed i takov\u00e9 hv\u011bzdy jako jsou nap\u0159. Allanis<\/p>\n\n\n\n<p>Morissette, Bad Relligion, Candice Night, Garbage,&nbsp;Gloria Estefan,<\/p>\n\n\n\n<p>John Patitucci, Kittie, Offspring, Pearl Jam, RedHot Chili&nbsp;Peppers<\/p>\n\n\n\n<p>a dal\u0161\u00ed.<\/p>\n","protected":false},"excerpt":{"rendered":"<p>Nab\u00edz\u00edme&nbsp;kompletn\u00ed&nbsp;slu\u017eby v ozvu\u010den\u00ed Va\u0161ich prostor\u016f. M\u016f\u017eeme nab\u00eddnout techniku od mal\u00fdch syst\u00e9m\u016f pro mluven\u00e1&nbsp;slova&nbsp;Va\u0161ich konferenc\u00ed, a\u017e po vysoce v\u00fdkonn\u00e9 festivalov\u00e9 PA syst\u00e9my. &nbsp;Firma&nbsp;Nexo&nbsp;pat\u0159\u00ed mezi t\u0159i nejv\u011bt\u0161\u00ed evropsk\u00e9 v\u00fdrobce ozvu\u010dovac\u00edch reprosyst\u00e9m\u016f. Firma byla zalo\u017eena v Pa\u0159\u00ed\u017ei v roce 1979. Syst\u00e9m firmy&nbsp;Nexo&nbsp;pou\u017e\u00edv\u00e1 \u0159ada renomovan\u00fdch ozvu\u010dovac\u00edch spole\u010dnost\u00ed, nam\u00e1tkou SSE Hire of Birmigham. Je pou\u017e\u00edv\u00e1n p\u0159i mnoha velk\u00fdch instalac\u00edch, pou\u017e\u00edvaj\u00ed [&hellip;]<\/p>\n","protected":false},"author":1,"featured_media":0,"parent":0,"menu_order":0,"comment_status":"closed","ping_status":"closed","template":"","meta":{"footnotes":""},"class_list":["post-21","page","type-page","status-publish","hentry"],"_links":{"self":[{"href":"https:\/\/www.gedysound.cz\/index.php?rest_route=\/wp\/v2\/pages\/21","targetHints":{"allow":["GET"]}}],"collection":[{"href":"https:\/\/www.gedysound.cz\/index.php?rest_route=\/wp\/v2\/pages"}],"about":[{"href":"https:\/\/www.gedysound.cz\/index.php?rest_route=\/wp\/v2\/types\/page"}],"author":[{"embeddable":true,"href":"https:\/\/www.gedysound.cz\/index.php?rest_route=\/wp\/v2\/users\/1"}],"replies":[{"embeddable":true,"href":"https:\/\/www.gedysound.cz\/index.php?rest_route=%2Fwp%2Fv2%2Fcomments&post=21"}],"version-history":[{"count":2,"href":"https:\/\/www.gedysound.cz\/index.php?rest_route=\/wp\/v2\/pages\/21\/revisions"}],"predecessor-version":[{"id":37,"href":"https:\/\/www.gedysound.cz\/index.php?rest_route=\/wp\/v2\/pages\/21\/revisions\/37"}],"wp:attachment":[{"href":"https:\/\/www.gedysound.cz\/index.php?rest_route=%2Fwp%2Fv2%2Fmedia&parent=21"}],"curies":[{"name":"wp","href":"https:\/\/api.w.org\/{rel}","templated":true}]}}